t?
2, 3, 13
Let m(b) = 142*b**2 - 18*b - 47. List the prime factors of m(-3).
5, 257
Let c be 3 + -1 + (-87)/3. Let o be 43/9 - 6/c. Let w = 15 - o. List the prime factors of w.
2, 5
Let v(p) = 2*p**2 - 5*p - 5. Let s be v(-6). Let m = -26 + s. List the prime factors of m.
71
Suppose 0 = -6*d + 1163 + 157. What are the prime factors of d?
2, 5, 11
Let q = -34 + 53. Let y(b) = -2*b**2 + b**3 + q - b**2 + 4*b**2. List the prime factors of y(0).
19
Let u(n) = -n + 36. Let i be 64/(-80) - (-142)/(-10). What are the prime factors of u(i)?
3, 17
Suppose 0 = 5*f - 903 - 6352. What are the prime factors of f?
1451
Let b be 2 + (-33)/(-12) + 9/36. List the prime factors of 9*(-2 + 3) - (5 - b).
3
Let d(k) = -20*k**2 - 31*k + 43*k**3 - 12 + 13*k + 3 - 42*k**3. Let c be d(21). Suppose -6*t + 402 = c. What are the prime factors of t?
2, 29
Suppose -5*g = -p + 12, -13 = -2*p + g - 2*g. List the prime factors of p/((-28)/16) - -150.
2, 73
Let v(q) = q**2 + 4*q - 4. Let u be v(3). Suppose 2*n + z + u = 4*z, 5*n - 5*z = -30. What are the prime factors of 19 - (n + (-16)/(-4))?
2
Let q = 1388 - 987. What are the prime factors of q?
401
Let j(x) be the third derivative of 11*x**4/3 + 2*x**3/3 + 53*x**2. List the prime factors of j(2).
2, 3, 5
Suppose 0 = 2*l - 3*x + 69, 2*l + 2*x + 49 = x. List the prime factors of (-12)/10*1530/l.
2, 17
Suppose 4*o = 6*o - 14. Suppose 0 = 3*b + 8 + o. Let v(q) = -q**2 - 10*q + 4. List the prime factors of v(b).
29
Let i(q) = q**3 - 7*q**2 - 19*q + 33. What are the prime factors of i(12)?
3, 5, 7
Suppose r - 699 + 87 = -3*d, -4*r + 5*d + 2397 = 0. List the prime factors of r.
3, 67
Suppose -2*y + 6 = y. What are the prime factors of 1/(545/(-275) + y)?
5, 11
What are the prime factors of (2 - 0)*(249/6 + 0)?
83
Let r = -2778 - -4483. List the prime factors of r.
5, 11, 31
Suppose 4*m + 4*m - 1832 = 0. List the prime factors of m.
229
Let c(x) = -2*x**2 + 6*x - 12. Let j be c(3). Let p(k) = -3*k**2 + 7*k - 5. Let q be p(5). Let g = j - q. What are the prime factors of g?
3, 11
Let m = 56 - 41. What are the prime factors of m?
3, 5
Suppose 4*j = -3*n + 36, -1 = -j + 2*n + 8. Let g(i) = i**2 - i. Let f(x) = 4*x**2 + 2. Let w(m) = -f(m) + 5*g(m). What are the prime factors of w(j)?
2, 17
Let z = 75 - 112. Let o = 85 + z. What are the prime factors of o?
2, 3
Suppose 0 = -6*n + 216 - 66. Let i = n + 133. List the prime factors of i.
2, 79
Let b(r) = 60*r**2 + 3*r - 1. Let s be b(3). Suppose 0 = 10*t - 122 - s. What are the prime factors of t?
67
Let s(g) = g**2 + 12*g + 21. Let z = -31 - -20. What are the prime factors of s(z)?
2, 5
Let q(w) = -w**2 + 16*w + 20. Let x be q(14). Suppose 2*p + c - x = 0, -p + 5*c - 130 = -6*p. What are the prime factors of p?
2, 11
Suppose 4*w - 4*p - 47 = p, -41 = -2*w - p. Let r = w - 15. Suppose -3*b - 24 = -3*v, 3*v = v - r*b + 36. What are the prime factors of v?
2, 3
Suppose -7*i = 3*s - 4*i - 1299, 4*i = -s + 424. List the prime factors of s.
2, 109
Suppose -2*b = -x - 7317, 2*x = 55*b - 60*b + 18297. List the prime factors of b.
3659
Suppose 4*g = -3*n + 2232, 4*g - 3*g - 3 = 0. Suppose -13*d = -9*d - n. List the prime factors of d.
5, 37
Let k(z) = -z**2 + 13*z + 9. Let r(c) = c**2 - 14*c - 10. Let o(i) = -4*k(i) - 3*r(i). Let d be o(11). Let b = d - -2. List the prime factors of b.
7
Let j = 2 - -533. What are the prime factors of j?
5, 107
Let c(w) = 4*w - 1. Let g be c(-3). Let b = 23 + g. Suppose -130 = -b*q + 5*q. What are the prime factors of q?
2, 13
Suppose -6*p = 23*p - 4640. List the prime factors of p.
2, 5
Suppose g - 2*g + 2747 = -r, 2*g = -3*r + 5519. List the prime factors of g.
2, 43
Let n = 852 + 547. List the prime factors of n.
1399
Suppose p = -4*p. Suppose r + 3 = p, 0*r - 5*r = -4*y + 127. What are the prime factors of y?
2, 7
Suppose 2*h = -m + 136, 2*m - 2*h - 148 - 130 = 0. List the prime factors of 0 + m - (2*2 - 0).
2, 67
Let p = -34 - -33. Let c(m) = 81*m**2 + 3*m + 2. List the prime factors of c(p).
2, 5
Let j = 48 + -43. Suppose -2*k = 5*f - 90, j*k - 123 = -f + 56. List the prime factors of k.
5, 7
Suppose 13*n = 3*n + 480. Let c = n + -34. List the prime factors of c.
2, 7
Suppose 0 = q + 3*z - 1281 + 329, 5*q - 4760 = 4*z. What are the prime factors of q?
2, 7, 17
Suppose 0 = -5*l + 1 - 11. What are the prime factors of -2 - (-83 + l + 4)?
79
Suppose 340 = 11*l - 4467. List the prime factors of l.
19, 23
Suppose -n - 2*n = -3*t - 2631, 3*n = -5*t + 2631. List the prime factors of n.
877
Suppose 113 = 4*c - 11*n + 6*n, 0 = c - n - 27. List the prime factors of c.
2, 11
Let t = -246 + 421. Let m = t + -125. List the prime factors of m.
2, 5
Let j(g) = 130*g - 37. What are the prime factors of j(3)?
353
Let t be (-3)/(-1*(-2)/(-4)). What are the prime factors of ((-9)/t)/(2/(-4))?
3
Suppose 5*r + 2610 = 3*d, 3*d - 2*r + 2589 = 6*d. List the prime factors of d.
5, 173
Let n(q) = -21*q + 6. Suppose 5 = 10*b - 11*b. What are the prime factors of n(b)?
3, 37
Let t = 8 - 2. List the prime factors of (280/t)/7*3.
2, 5
Suppose 2*c = 165 + 703. Let f = -262 + c. List the prime factors of f.
2, 43
Suppose 6600 = 23*l - 8419. List the prime factors of l.
653
Let y(p) = -p**2 + 2*p + 5. Let u be y(4). Let i be (u - (-28)/8)*0. Suppose -4*w + 140 + 120 = i. What are the prime factors of w?
5, 13
Suppose m + 564 = x, -m + 2838 = 5*x + 3*m. List the prime factors of x.
2, 283
Let u(x) = -x**3 + 7*x**2 - 3*x - 14. Let s be u(6). Suppose -s*m - 3*o = -669, -o = m + m - 337. What are the prime factors of m?
3, 19
Suppose 0 = i - 2 - 0. Suppose -444 = -3*r - i*r - 2*u, -363 = -4*r + u. Suppose -r = 5*f - 230. List the prime factors of f.
2, 7
Let p = 1153 - 553. List the prime factors of p.
2, 3, 5
Suppose -221 = 15*y - 176. Let a(u) = 19*u + 5. Let g(s) = s. Let c(t) = -a(t) + 5*g(t). What are the prime factors of c(y)?
37
Let b = 789 - 71. Let w = b + -463. What are the prime factors of w?
3, 5, 17
Let c = 14 - 10. Suppose -48 = 3*l - c*l. List the prime factors of l.
2, 3
Suppose w - 8 + 6 = 0. Suppose -882 = -11*d + w*d. List the prime factors of d.
2, 7
Let g(z) be the second derivative of -z**2 + 2*z - 1/20*z**5 + 0 + 7/6*z**3 - 2/3*z**4. List the prime factors of g(-9).
2
Suppose 722 = -7*k - 160. Let s = k + 231. List the prime factors of s.
3, 5, 7
Let a(h) = 8*h - 14. Let n be a(2). Let s be (-7)/(-6)*2*12. Suppose n + s = c. List the prime factors of c.
2, 3, 5
Suppose 67 = o - 162. Let b = o - 109. What are the prime factors of b?
2, 3, 5
Suppose -7 = -5*d + 2*q, -3*d - 9 = -5*q + 2. Suppose 2*v - 70 - 46 = -d*s, -40 = -v + 3*s. List the prime factors of v.
2, 13
Suppose u + 3252 = 5*z, -2*u - 2598 = 16*z - 20*z. What are the prime factors of z?
3, 7, 31
Let q(o) = -6*o - 34. Let v be q(-9). Let w(r) = r - 4. Let p be w(4). What are the prime factors of v/15*(6 + p)?
2
Suppose 0 = 4*r + 2*f - 7*f - 4147, 5*r - 3*f - 5174 = 0. List the prime factors of r.
1033
Let s(j) = -4*j**3 + 3*j**2 + 8*j + 9. Let d be s(-2). Let k = 76 - d. What are the prime factors of k?
3, 13
Suppose -p = -l - 2049, -51*l = 5*p - 49*l - 10273. List the prime factors of p.
2053
Suppose -4*t + 80 = -2*p, 2*p = -2*t - 29 + 75. Suppose -m = a - 15, -4*m + 5*a + 21 + t = 0. What are the prime factors of m?
13
Let g = 6 - 16. Let v(b) = b**3 + 9*b**2 - 4*b - 13. Let a be v(g). Let y = a - -106. What are the prime factors of y?
3, 11
Let f(l) = -l**3 - 6*l**2 - 7*l - 7. Suppose 4*x = 2*x - 10. Let s be f(x). Suppose -z + 14 = -3*h, 3*z - s*h = 26 + 46. List the prime factors of z.
29
Suppose 3*x + x = 3*f + 618, 4*x + 4*f = 604. What are the prime factors of x?
3, 17
Suppose 0 = -2*a + 3250 + 568. What are the prime factors of a?
23, 83
Suppose 0 = 21*y - 12422 - 1669. List the prime factors of y.
11, 61
Suppose -47*y + 54*y - 833 = 0. What are the prime factors of y?
7, 17
Let v = 13 - 11. Suppose -v*c - 160 = -6*c. Suppose -k - k - 2*s = -32, -3*k - 5*s + c = 0. What are the prime factors of k?
2, 5
Let u be 1*-1 + (37 - 5). Let n = 13 + u. List the prime factors of n.
2, 11
Suppose 2*r + 10386 = 4*x, -5*x - 3*r - 5770 + 18780 = 0. List the prime factors of x.
23, 113
Let f be 2/(-10) - 46/(-5). Let m(p) = -p**3 + 9*p**2 + 2*p + 7. List the prime factors of m(f).
5
Let h(q) = -170*q - 18. List 